Give t(r).
0
Let b(o) = 53*o + o**3 - 3 + 61*o - 110*o - 2 + 5*o**2. Suppose x + 6 = 2. Give b(x).
-5
Let l(j) be the third derivative of j**9/6720 - j**6/720 - j**5/60 - 12*j**2. Let p(b) be the third derivative of l(b). Calculate p(1).
8
Let q(u) be the second derivative of u**4/12 + 3*u**3/2 - u**2/2 + 2*u - 2. Give q(-8).
-9
Suppose -u = 5*u - 18. Let t(j) = 12*j - 6*j - u + 1 + 5. Give t(-3).
-15
Let u = 8 + -12. Let j(d) = d**2 + 5*d + 4. Let t be j(u). Let z = 1 - t. Let k(l) = 5*l**3 + 2*l**2 - 2*l + 1. Determine k(z).
6
Let u(m) = m**3 + 7*m**2 - 18*m + 4. Let a be u(-9). Suppose 8*q = a*q + 12. Let s(v) = -8*v**q - 4*v**3 + 1 + 11*v**3 - v. Give s(1).
-1
Let s(u) = 9*u**2 + 11. Let z(g) = -5*g**2 - 5. Let m(r) = 6*s(r) + 13*z(r). Suppose 0*c + 9 = -3*c. Let a = -2 - c. Calculate m(a).
-10
Let z(g) = 4*g - 16. Let w be -5 + 2 + (-8)/(-1). Let v be z(w). Let q(n) = -n**2 + 7*n - 6. Calculate q(v).
6
Let g be ((4 - 3) + 4)*1. Let p(a) = -a - 4 + a + g*a - 4*a. Determine p(-4).
-8
Let o be (286/(-52))/((-1)/(-2)). Let n(t) = -t**2 - 12*t - 5. Give n(o).
6
Let m(v) = v**2 + 2*v + 3. Suppose -2*z = 2*x - 0 + 28, z - 4 = x. Let b be (-9)/(x/(-2)) + 0. Determine m(b).
3
Suppose 3*g - 3*i - 9 = 0, 2*g - 2*i = 2*i. Let f(q) be the second derivative of 2*q**3/3 - 3*q**2/2 + 66*q + 1. Calculate f(g).
21
Let t(n) = n**2. Let k be 6/4*(-68)/51. What is t(k)?
4
Let r(z) = 2*z + 17. Let o(f) = -2*f - 16. Let y(v) = 4*o(v) + 3*r(v). Suppose 2*s + 15 + 5 = 0. Calculate y(s).
7
Let d(h) = -3*h - 1. Suppose 2*c + 3*i = -19, 0*i + 4*i + 20 = 0. Let x be (-5 - -1)*(c - -1). Let g = x - 3. Calculate d(g).
-4
Let r(d) = -2*d**2 + 1. Let q(o) = -o**3 - o**2 - 4*o - 2. Let t(h) = -q(h) + 3*r(h). Let v be ((-8)/6)/((-1)/3). Calculate t(v).
5
Suppose 4*v - 4*d = -24, -4*v - 3*d + d = 6. Let u be (-2)/6 + (-16)/v. Let o(t) = t. What is o(u)?
5
Let a(k) = 1013 - 1017 + 16*k - 2*k. Calculate a(1).
10
Let u(m) be the first derivative of 13*m**3/3 + m**2 - 4*m + 526. Calculate u(1).
11
Suppose 0 = 17*f - 9 + 26. Let i be 4 + 2*(-2 + 1). Let g(c) = -4*c**i - c + c**2 + 0*c. Calculate g(f).
-2
Suppose 2*t - 48 = -2*t. Suppose -8*d - 24 = -t*d. Let z be d/3*(-1)/2. Let o(a) = 2*a**3 - 2*a - 1. Calculate o(z).
-1
Let d(o) = o - 4. Suppose 26*w - 19*w = 49. What is d(w)?
3
Let d(c) = -7*c - 1. Let y(n) be the second derivative of 0 - n**3 + 3*n**2 + 1/12*n**4 - 11*n. Let s be y(5). Calculate d(s).
-8
Let l(v) = -5*v + v**3 + 4*v + 4*v**2 - v - 3 + 5*v. Suppose q = -2*q. Let x = -3 + q. Determine l(x).
-3
Let d = -224 + 215. Let t(p) = p**3 + 8*p**2 - 12*p - 9. Calculate t(d).
18
Let b(m) = 2*m**2 - 6*m + 7. Let q(z) = z**2 - z + 5. Let v = -90 - -90. Let i be q(v). What is b(i)?
27
Let g(j) be the second derivative of -j**3/3 - j**2 + 59*j + 1. What is g(7)?
-16
Let f(z) = z - 1. Suppose -4*a - 4 = k - 26, 0 = 2*a - 10. Suppose 3*x - 7 = -g, -k*g + 3 = g. Let b(h) = h**3 - h - 2. Let t be b(x). Give f(t).
3
Let v(c) = -c**2 - 15*c - 6. Let h be v(-14). Let k(w) = -2*w + 14. What is k(h)?
-2
Let v be 54/(-27)*(-3)/(-2). Let b(c) be the first derivative of -c**4/4 - 2*c**3/3 - c**2/2 - c + 1. Calculate b(v).
11
Let z(s) = -s**3 - 7*s**2 - 6*s - 1. Let p(c) = 2*c**3 + 15*c**2 + 13*c + 2. Let w(n) = 6*p(n) + 13*z(n). Determine w(-2).
3
Let p be 1/((-7)/(-2))*21. Suppose 2*t - p = 4*t. Let g(y) = y**3 + 3*y**2 - 2*y - 2. Calculate g(t).
4
Let s = -3 - -8. Let q(d) = -5*d + 5 + 0*d - 41*d**2 + 42*d**2 + 0*d. Let a be q(s). Let z(l) = -l**2 + 3*l + 2. What is z(a)?
-8
Let c(q) = q**2 + 7*q + 9. Suppose 6*r = -32 - 4. What is c(r)?
3
Let u(r) = -9*r**2 - 3*r - 3. Let i(y) = -5*y**2 - 2*y - 1. Let f(h) = 11*i(h) - 6*u(h). Suppose -56 - 194 = -5*a. Suppose 4*k = -6*k - a. What is f(k)?
2
Suppose -3*q = -5*q + 4. Let j(p) = -p + 0*p - 100*p**2 + 102*p**q. Let i be j(2). Let t(b) = b**2 - 4*b - 6. Give t(i).
6
Let p(v) = -v**3 - v**2 + 3*v + 2. Suppose 0*d - 60 = -6*d. Suppose 3*i + d = 2*u, 0 = -3*i - i + u - 10. Calculate p(i).
0
Let a(c) = c**3 - 4*c**2 - 5*c + 6. Let q = 219 + -215. What is a(q)?
-14
Let z(y) = y**3 + 11*y**2 - 17*y - 53. Let r be z(-12). Let f(h) = -h**2 + 8*h - 4. Determine f(r).
3
Let b(p) = p**3 + p. Let q(n) = -4*n**3 + 5*n**2 - 2*n - 3. Let c(z) = 3*b(z) + q(z). What is c(5)?
2
Suppose 0 = -a - 6*a + 175. Suppose 6*m + 10 = -2*i + m, 5*i + a = m. Let y(w) = -w**2 - 2. Let t(q) = -q. Let n(f) = -3*t(f) - y(f). Determine n(i).
12
Let v(i) = -33 + 0*i + 3*i - 4*i + 8*i + 32. Determine v(1).
6
Let w(h) be the third derivative of -1/4*h**4 - 1/60*h**5 + 0*h - 5*h**2 + 0 - 1/6*h**3. Suppose 4*p = -4*o - 15 + 3, 5*p + 24 = -2*o. Determine w(p).
-1
Let v(c) = c**2 - 20*c + 23. Let m be v(19). Suppose m = 4*k, 8*k = 2*r + 3*k + 17. Let u(t) = t**2 + 8*t + 7. Calculate u(r).
-5
Let j be 1*((-1)/3*3 - -2). Let b(w) = -7*w**3 - j + 18*w**3 + 3 - 3*w**2 - 10*w**3 + 2*w. Give b(3).
8
Let l be 3 + (0 - 2) - (14 + -13). Let f(m) = m**2 - 5. Give f(l).
-5
Let x(g) = -g**3 + 5*g**2 - 3*g + 6. Let y = -13 - -15. Suppose -7*l + 5*l = -y. Let i be (-2 - 0) + 6 + l. What is x(i)?
-9
Let b(y) = 2*y + 3. Let m(x) = x**3 - 10*x**2 + 10*x - 6. Let c be m(9). Give b(c).
9
Let b(p) = -p**2 - 2. Let c(q) = -6*q**2 - 5*q. Let d(v) = 4*b(v) - c(v). What is d(-6)?
34
Let l(o) = o**3 - o**2 - 3*o - 8. Let j(m) = m**3 + m**2 - 3*m - 1. Let c(d) = 2*j(d) - l(d). Give c(-4).
2
Let g(p) = -1 - 112*p + 7 + 53*p + 60*p. Let k(q) = -1. Let n(f) = -g(f) - 5*k(f). Give n(-7).
6
Let d(m) be the first derivative of 1/4*m**4 + 4 - 1/3*m**3 - 1/2*m**2 + 2*m. Determine d(-2).
-8
Let m be (-1 - 43)/(-4) - 4. Let y(r) = -m*r - 10 - 4 + 13. What is y(-1)?
6
Let s(c) be the first derivative of -c**4/2 - c**3 + c**2/2 + 2*c - 2. Suppose 28 = 476*u - 490*u. What is s(u)?
4
Let c(y) = -4*y**3 - 3*y**2 - 4*y - 3. Let k be (-15)/(-6)*52/(-65). Give c(k).
25
Let r be (-9)/(-2) - 5/2. Let q(a) = 12*a**2 + 3*a - 3. Calculate q(r).
51
Suppose 0 = 5*z + 3*q - q - 6, 2*z = -5*q - 6. Let n(p) = -z*p**3 + 5*p**2 + 5 + 4*p**3 - 2*p**3 - 6*p + p**3. Give n(-6).
5
Let i(n) = 99*n**3 - 20*n**2 - 3*n - 14. Let q(j) = 33*j**3 - 7*j**2 - j - 5. Let k(z) = 6*i(z) - 17*q(z). Give k(1).
32
Let y = -27 - -19. Let j be (-1)/((-10)/y - 1). Let p(m) be the second derivative of -m**3/3 - 2*m**2 + 11064*m. Give p(j).
4
Let a(q) = 2*q**3 + 5 - q**3 - 2 - 4 + 18*q**2 - 17*q**2. Give a(1).
1
Let z(h) = -h**2. Let i(j) = -j**3 + 5*j**2 - 2*j + 4. Let r(u) = -i(u) - z(u). Give r(3).
-7
Let t be (-2)/(6/5) + 64/(-12). Let j(c) = -c**3 - 8*c**2 - 4*c + 9. Determine j(t).
-12
Let o(i) be the third derivative of i**5/60 + i**4/4 + i**3/2 + 57*i**2. Determine o(-6).
3
Suppose 2*i + 3*a - 9 = -0*i, a - 16 = -5*i. Let l be (-4)/5 + i/(-15). Let n(z) = 2*z**3 + z**2. Let h be n(l). Let j(s) = 2*s - 1. Determine j(h).
-3
Let t(u) = 2*u**3 + 38*u**2 - 40*u + 6. Let g be t(-20). Let a(d) = 2*d**2 - 12*d - 4. Calculate a(g).
-4
Let z(v) = -v**3 + 3*v**2 + 5*v - 5. Let g(p) = p**2 - 4*p + 6. Let a be g(3). Suppose 3*y + o = 49, -2*y = 3*y - a*o - 63. Let k = y + -11. What is z(k)?
-1
Let i(l) = 3*l**2 - 5*l + 2*l - 3 - l**2 - 4*l**2 + l**2 - l**3. Calculate i(0).
-3
Let l(v) be the first derivative of v**4/4 + 3*v**3 + 4*v**2 + 11*v - 62. What is l(-8)?
11
Let q = 9 - 4. Suppose 4 - 19 = -5*h. Let s(r) = h*r + r - 6*r + 2. Determine s(q).
-8
Let k(g) be the third derivative of 0*g + 0 - 1/60*g**6 - 14*g**2 + 1/12*g**4 + 1/6*g**3 + 0*g**5. Let u = 3 - 5. Calculate k(u).
13
Let z(i) = -i**3 - 4*i**2 + 6*i + 3. Let t be z(-4). Let n be t/(-5) + (-1)/5. Let x(p) = p + 2 + 1 - n - 3. Determine x(6).
2
Let v(z) be the third derivative of z**6/120 - 3*z**5/20 + z**4/24 - 3*z**3/2 - z**2 + 51*z. Calculate v(9).
0
Let r(c) = 2*c**2 + 1 + 4*c**2 + 6*c**2 - c**2. Let s(o) = -o**2 + 6*o + 17. Let v be s(8). What is r(v)?
12
Let d(f) = f - 2. Let c(y) = -13*y - 1. Let k be c(-2). Suppose 21*p = k*p. Give d(p).
-2
Let h = 28 + -25. Let l be (-3 + h)*(0 + 1). Let i(x) = -5 + x - 5*x + l*x + 5*x. Calculate i(0).
-5
Let r(o) = 5*o - 3*o + 0*o - 3*o. Let z = 10 + -4. Determine r(z).
-6
Let w(c) = -c**3 + 5*c**2 - c - 3. Let o be 18/(-1) + (-7)/((-35)/15). Let d be (-39)/(-15) - ((-24)/o + -2). Determine w(d).
12
Let j(y) = 7*y - 58. Let t(g) = -13*g + 110. Let c(r)